58 (base 10) to base 14.
9354
-13200323 (base 4) to base 11
-21141
What is 33024 (base 5) in base 3?
10002212
Convert 7372 (base 9) to base 7.
21530
What is 36261 (base 9) in base 12?
1206a
-2d9 (base 16) to base 10
-729
Convert 126163 (base 7) to base 11.
16941
66155 (base 8) to base 15
8357
-284 (base 11) to base 16
-14e
What is -1027 (base 9) in base 7?
-2125
What is 103 (base 12) in base 11?
124
What is -466 (base 9) in base 10?
-384
Convert -101111000011110 (base 2) to base 7.
-130150
-37b (base 12) to base 9
-645
Convert 22212010 (base 3) to base 5.
201311
-30341 (base 5) to base 16
-7b3
-dc (base 16) to base 10
-220
Convert -167 (base 14) to base 7.
-560
1020112 (base 4) to base 13
2152
What is -323111 (base 5) in base 8?
-25427
What is -220001 (base 3) in base 11?
-540
-10000110111 (base 2) to base 6
-4555
Convert -8f39 (base 16) to base 2.
-1000111100111001
Convert -7a79 (base 12) to base 6.
-143033
What is 1101100010011 (base 2) in base 5?
210211
-1233 (base 11) to base 13
-96a
Convert 102243 (base 7) to base 2.
100010011010110
-6706 (base 8) to base 14
-13dc
Convert 30211 (base 4) to base 3.
1002211
-335 (base 11) to base 10
-401
Convert -2145 (base 7) to base 6.
-3320
10111001 (base 2) to base 4
2321
Convert -459 (base 10) to base 12.
-323
Convert -170275 (base 8) to base 3.
-10010112120
What is a3ed (base 15) in base 12?
18074
Convert -11431 (base 5) to base 11.
-718
What is 86b (base 15) in base 3?
2121102
Convert -121232 (base 4) to base 9.
-2228
Convert -45c (base 15) to base 6.
-4323
What is -682 (base 9) in base 11?
-46a
-10113130 (base 4) to base 7
-103066
What is -167 (base 10) in base 2?
-10100111
What is 12210221 (base 3) in base 16?
108d
17bb (base 14) to base 16
10b9
What is a0 (base 15) in base 11?
127
Convert 15738 (base 10) to base 13.
7218
What is -10011101111001001 (base 2) in base 7?
-454455
100001100 (base 2) to base 12
1a4
What is -35790 (base 10) in base 7?
-206226
-5898 (base 11) to base 6
-55442
What is 123121 (base 4) in base 9?
2357
What is -55816 (base 9) in base 16?
-90f9
Convert -168 (base 15) to base 2.
-101000011
Convert -aa5 (base 13) to base 11.
-140a
What is -407 (base 9) in base 16?
-14b
What is 14707 (base 10) in base 9?
22151
201414 (base 5) to base 6
50004
What is 4726 (base 15) in base 9?
22650
What is -11222 (base 6) in base 10?
-1598
What is -34521 (base 7) in base 4?
-2022003
21101 (base 3) to base 16
c7
1ca (base 15) to base 6
1531
d37 (base 15) to base 5
43402
What is 4358 (base 16) in base 9?
25575
-1000111101110 (base 2) to base 13
-2121
Convert 124541 (base 8) to base 14.
11b33
5657 (base 13) to base 14
4583
-100101111110 (base 2) to base 8
-4576
Convert 6313 (base 8) to base 4.
303023
Convert 3054 (base 7) to base 9.
1416
333321 (base 4) to base 14
16c1
Convert -2214 (base 9) to base 4.
-121201
What is -120220 (base 3) in base 12?
-2b9
122f7 (base 16) to base 8
221367
What is -1e (base 15) in base 10?
-29
-4fe (base 16) to base 15
-5a3
Convert -1730 (base 10) to base 13.
-a31
Convert 950 (base 16) to base 7.
6644
-26011 (base 7) to base 4
-1223110
6d2b (base 15) to base 7
124454
Convert -540 (base 6) to base 5.
-1304
Convert -1110 (base 11) to base 6.
-10435
Convert -1100010101010 (base 2) to base 12.
-37a2
What is 2106 (base 9) in base 7?
4335
Convert -60a (base 11) to base 14.
-3a8
What is 10202323 (base 4) in base 8?
44273
Convert 1d0 (base 16) to base 6.
2052
What is 148a9 (base 14) in base 5?
3113414
What is -3b7a (base 15) in base 14?
-48c3
Convert 27216 (base 8) to base 10.
11918
-826b (base 12) to base 8
-33563
Convert -120230 (base 4) to base 5.
-22310
What is -471 (base 10) in base 5?
-3341
2405 (base 6) to base 3
210112
Convert 32b (base 12) to base 8.
723
Convert 1020000 (base 3) to base 11.
740
What is 11755 (base 8) in base 5?
130401
1200 (base 3) to base 9
50
What is -491b (base 14) in base 4?
-3013131
Convert 7987 (base 10) to base 2.
1111100110011
What is -3c0 (base 13) in base 8?
-1227
What is 53051 (base 6) in base 3?
100211011
-46331 (base 9) to base 16
-78a9
What is 11010100 (base 2) in base 3?
21212
Convert -3376 (base 9) to base 14.
-ca7
6a7 (base 16) to base 8
3247
Convert 11103 (base 6) to base 10.
1551
What is 1117 (base 11) in base 6?
10450
What is 10001110001010111 (base 2) in base 4?
101301113
-110010000110000 (base 2) to base 13
-b89c
14322 (base 5) to base 6
5340
Convert 36062 (base 9) to base 3.
1020002002
Convert -20303 (base 4) to base 14.
-2c3
39699 (base 10) to base 6
503443
16630 (base 11) to base 13
a84c
Convert 31d8 (base 14) to base 2.
10000110101010
Convert 111512 (base 6) to base 13.
440c
Convert 419 (base 11) to base 10.
504
Convert -24315 (base 6) to base 15.
-10d5
What is -6399 (base 14) in base 6?
-211323
What is 1110021022 (base 3) in base 4?
12333110
What is -3193 (base 16) in base 14?
-48a7
-13962 (base 10) to base 2
-11011010001010
-12812 (base 13) to base 14
-c718
What is -159 (base 12) in base 9?
-256
41021 (base 6) to base 11
4081
-2401 (base 8) to base 5
-20111
Convert 1101001010111 (base 2) to base 5.
203433
What is -3c77 (base 16) in base 15?
-48be
Convert 1104 (base 8) to base 7.
1456
-142 (base 13) to base 5
-1343
Convert 10001000000001 (base 2) to base 13.
3c68
-123 (base 9) to base 5
-402
11423 (base 9) to base 6
55203
What is 4ad1 (base 14) in base 8?
31477
7625 (base 8) to base 14
164d
Convert -10120212221 (base 3) to base 15.
-15dda
What is 4361 (base 7) in base 16?
61a
What is b14 (base 12) in base 10?
1600
What is 61352 (base 7) in base 5?
434213
What is -20502 (base 6) in base 8?
-5326
What is -1110000111101000 (base 2) in base 8?
-160750
What is -270d (base 14) in base 6?
-51453
What is 113323 (base 6) in base 16?
2673
What is -812b (base 12) in base 5?
-422003
3342 (base 6) to base 13
482
-61 (base 10) to base 5
-221
What is 2b6 (base 13) in base 15?
227
Convert -7ac (base 16) to base 9.
-2622
Convert -1089 (base 13) to base 2.
-100100000110
What is -10002 (base 4) in base 15?
-123
Convert 646 (base 9) to base 11.
440
-1462 (base 7) to base 2
-1001000111
218 (base 11) to base 13
171
Convert 659 (base 14) to base 10.
1255
What is 1de (base 15) in base 5?
3214
-1302 (base 8) to base 4
-23002
What is -12203 (base 5) in base 3?
-1021101
10100101010011 (base 2) to base 10
10579
4325 (base 6) to base 15
45e
Convert 256 (base 10) to base 2.
100000000
-26240 (base 9) to base 15
-5399
What is 11110322 (base 4) in base 6?
245002
-4114 (base 6) to base 10
-910
-7023 (base 12) to base 4
-2331123
Convert -87 (base 11) to base 13.
-74
What is 10200 (base 11) in base 5?
434013
What is 84 (base 11) in base 9?
112
-285 (base 13) to base 2
-110111111
What is 930 (base 10) in base 8?
1642
What is -18553 (base 14) in base 8?
-167755
Convert b28a (base 16) to base 14.
1292a
Convert 14777 (base 9) to base 15.
2ee4
What is 109 (base 14) in base 8?
315
What is -129b (base 12) in base 11?
-1671
5444 (base 6) to base 7
3436
What is 24134 (base 5) in base 14?
922
-2013 (base 8) to base 11
-861
What is -13b8a (base 13) in base 16?
-9105
Convert -3ad (base 16) to base 11.
-786
What is 1241 (base 9) in base 13?
565
-3202 (base 6) to base 11
-5a7
What is 25b9 (base 13) in base 15?
18e6
What is 100101010 (base 2) in base 7?
604
c01b (base 14) to base 8
100271
-21201222 (base 3) to base 14
-20b0
What is 4486 (base 14) in base 8?
27146
Convert 245 (base 6) to base 14.
73
What is 2530 (base 8) in base 7?
3663
-12464 (base 9) to base 4
-2003101
What is 42 (base 15) in base 9?
68
-31875 (base 9) to base 12
-10288
Convert 330 (base 13) to base 7.
1410
Convert -100111212 (base 3) to base 4.
-1230113
-11235 (base 8) to base 10
-4765
Convert -13323 (base 4) to base 7.
-1323
1818 (base 11) to base 13
1094
What is -5941 (base 10) in base 5?
-142231
What is 1020100222 (base 3) in base 9?
36328
664 (base 15) to base 16
5a4
What is -495 (base 10) in base 3?
-200100
-3012431 (base 5) to base 6
-1005334
-100110001 (base 2) to base 12
-215
Convert 343251 (base 6) to base 16.
724f
1076 (base 9) to base 5
11143
Convert -981 (base 16) to base 9.
-3303
Convert -100110001001000 (base 2) to base 10.
-19528
Convert -53a (base 11) to base 9.
-800
What is -160162 (base 7) in base 16?
-7a4a
Convert -16d0 (base 16) to base 14.
-21b2
-202121020 (base 3) to base 13
-6ab3
4a8